{"id":8918,"date":"2025-09-20T17:43:18","date_gmt":"2025-09-20T15:43:18","guid":{"rendered":"https:\/\/contenedoresmaritimos-sur.es\/?post_type=product&#038;p=8918"},"modified":"2025-09-20T17:43:18","modified_gmt":"2025-09-20T15:43:18","slug":"contenedor-vivienda-20-pies-portatil-nuevo","status":"publish","type":"product","link":"https:\/\/contenedoresmaritimos-sur.es\/index.php\/produit\/contenedor-vivienda-20-pies-portatil-nuevo\/","title":{"rendered":"CONTENEDOR VIVIENDA 20 PIES PORT\u00c1TIL \/ NUEVO"},"content":{"rendered":"","protected":false},"excerpt":{"rendered":"<p>Descripci\u00f3n<\/p>\n<p>\u00bfBusca una soluci\u00f3n m\u00f3vil y vers\u00e1til para sus necesidades de espacio? \u00a1Nuestra casa port\u00e1til de 20\u00d78 pies es la opci\u00f3n perfecta! Dise\u00f1ada para ofrecer comodidad y funcionalidad en cualquier lugar, esta unidad cuenta con una variedad de caracter\u00edsticas que la hacen perfecta para m\u00faltiples aplicaciones.<\/p>\n<p>Entre sus principales caracter\u00edsticas se incluye un interior con aislamiento blanco, que ayuda a mantener un ambiente fresco y confortable en cualquier clima, regulando la temperatura y creando un espacio luminoso y acogedor. Adem\u00e1s, est\u00e1 equipado con aire acondicionado, que garantiza un ambiente agradable en todo momento, permiti\u00e9ndole ajustar la temperatura seg\u00fan sus preferencias.<\/p>\n<p>La unidad est\u00e1 equipada con modernos sistemas de cocina y agua, lo que le permite preparar y disfrutar de sus platos favoritos mientras se desplaza. Desde una cocina funcional hasta un pr\u00e1ctico fregadero, todo est\u00e1 dise\u00f1ado para facilitar la experiencia culinaria. Tambi\u00e9n incluye un inodoro y un sistema de ducha, para que pueda mantener su higiene personal en todo momento. Los puertos de carga son un gran a\u00f1adido para mantener sus dispositivos electr\u00f3nicos siempre listos para su uso. La puerta de cristal y las ventanas ofrecen vistas panor\u00e1micas y luz natural, proporcionando una excelente ventilaci\u00f3n y un ambiente aireado. Las dimensiones son 20 pies de largo x 8 pies de ancho x 8 pies de alto.<\/p>\n","protected":false},"featured_media":8919,"template":"","meta":[],"product_brand":[],"product_cat":[72,74,73,84,88,79,83],"product_tag":[],"class_list":{"0":"post-8918","1":"product","2":"type-product","3":"status-publish","4":"has-post-thumbnail","6":"product_cat-accesorios-contenedores","7":"product_cat-aseos-y-duchas","8":"product_cat-cabanas-y-aseos","9":"product_cat-contenedor-oficina","10":"product_cat-contenedor-vivienda","11":"product_cat-contenedores-de-20-pies","12":"product_cat-contenedores-maritimos-nuevo","14":"first","15":"instock","16":"shipping-taxable","17":"purchasable","18":"product-type-simple"},"_links":{"self":[{"href":"https:\/\/contenedoresmaritimos-sur.es\/index.php\/wp-json\/wp\/v2\/product\/8918","targetHints":{"allow":["GET"]}}],"collection":[{"href":"https:\/\/contenedoresmaritimos-sur.es\/index.php\/wp-json\/wp\/v2\/product"}],"about":[{"href":"https:\/\/contenedoresmaritimos-sur.es\/index.php\/wp-json\/wp\/v2\/types\/product"}],"version-history":[{"count":1,"href":"https:\/\/contenedoresmaritimos-sur.es\/index.php\/wp-json\/wp\/v2\/product\/8918\/revisions"}],"predecessor-version":[{"id":8925,"href":"https:\/\/contenedoresmaritimos-sur.es\/index.php\/wp-json\/wp\/v2\/product\/8918\/revisions\/8925"}],"wp:featuredmedia":[{"embeddable":true,"href":"https:\/\/contenedoresmaritimos-sur.es\/index.php\/wp-json\/wp\/v2\/media\/8919"}],"wp:attachment":[{"href":"https:\/\/contenedoresmaritimos-sur.es\/index.php\/wp-json\/wp\/v2\/media?parent=8918"}],"wp:term":[{"taxonomy":"product_brand","embeddable":true,"href":"https:\/\/contenedoresmaritimos-sur.es\/index.php\/wp-json\/wp\/v2\/product_brand?post=8918"},{"taxonomy":"product_cat","embeddable":true,"href":"https:\/\/contenedoresmaritimos-sur.es\/index.php\/wp-json\/wp\/v2\/product_cat?post=8918"},{"taxonomy":"product_tag","embeddable":true,"href":"https:\/\/contenedoresmaritimos-sur.es\/index.php\/wp-json\/wp\/v2\/product_tag?post=8918"}],"curies":[{"name":"wp","href":"https:\/\/api.w.org\/{rel}","templated":true}]}}