{"id":9025,"date":"2025-09-20T20:05:11","date_gmt":"2025-09-20T18:05:11","guid":{"rendered":"https:\/\/contenedoresmaritimos-sur.es\/?post_type=product&#038;p=9025"},"modified":"2025-09-20T20:05:11","modified_gmt":"2025-09-20T18:05:11","slug":"modulo-sanitario-400m-x-220m","status":"publish","type":"product","link":"https:\/\/contenedoresmaritimos-sur.es\/index.php\/produit\/modulo-sanitario-400m-x-220m\/","title":{"rendered":"M\u00d3DULO SANITARIO 4,00M X 2,20M"},"content":{"rendered":"","protected":false},"excerpt":{"rendered":"<p>Descripci\u00f3n<\/p>\n<p>La cabina de WC de 2\u00d72 m con dep\u00f3sito de aguas residuales descrito es realmente detallista y ofrece todas las comodidades necesarias. El aislamiento t\u00e9rmico de 80 mm es esencial para una baja p\u00e9rdida de energ\u00eda, y la puerta exterior de chapa de acero galvanizado H\u00f6rmann garantiza seguridad y durabilidad.Con caracter\u00edsticas como el urinario, la instalaci\u00f3n el\u00e9ctrica conforme a la CE, las tomas de 230 V, la luz de techo, los suelos de PVC f\u00e1ciles de limpiar y el radiador el\u00e9ctrico montado en la pared, esta cabina es una soluci\u00f3n completa y funcional para una gran variedad de necesidades.<\/p>\n<p>&nbsp;<\/p>\n<p>La opci\u00f3n de entrega es una aut\u00e9ntica ventaja, ya que facilita la adquisici\u00f3n de estos contenedores con todas las comodidades.<\/p>\n","protected":false},"featured_media":9027,"template":"","meta":[],"product_brand":[],"product_cat":[74,73,86,87,83],"product_tag":[],"class_list":{"0":"post-9025","1":"product","2":"type-product","3":"status-publish","4":"has-post-thumbnail","6":"product_cat-aseos-y-duchas","7":"product_cat-cabanas-y-aseos","8":"product_cat-contenedor-10-pies","9":"product_cat-contenedor-modular","10":"product_cat-contenedores-maritimos-nuevo","12":"first","13":"instock","14":"shipping-taxable","15":"purchasable","16":"product-type-simple"},"_links":{"self":[{"href":"https:\/\/contenedoresmaritimos-sur.es\/index.php\/wp-json\/wp\/v2\/product\/9025","targetHints":{"allow":["GET"]}}],"collection":[{"href":"https:\/\/contenedoresmaritimos-sur.es\/index.php\/wp-json\/wp\/v2\/product"}],"about":[{"href":"https:\/\/contenedoresmaritimos-sur.es\/index.php\/wp-json\/wp\/v2\/types\/product"}],"version-history":[{"count":1,"href":"https:\/\/contenedoresmaritimos-sur.es\/index.php\/wp-json\/wp\/v2\/product\/9025\/revisions"}],"predecessor-version":[{"id":9030,"href":"https:\/\/contenedoresmaritimos-sur.es\/index.php\/wp-json\/wp\/v2\/product\/9025\/revisions\/9030"}],"wp:featuredmedia":[{"embeddable":true,"href":"https:\/\/contenedoresmaritimos-sur.es\/index.php\/wp-json\/wp\/v2\/media\/9027"}],"wp:attachment":[{"href":"https:\/\/contenedoresmaritimos-sur.es\/index.php\/wp-json\/wp\/v2\/media?parent=9025"}],"wp:term":[{"taxonomy":"product_brand","embeddable":true,"href":"https:\/\/contenedoresmaritimos-sur.es\/index.php\/wp-json\/wp\/v2\/product_brand?post=9025"},{"taxonomy":"product_cat","embeddable":true,"href":"https:\/\/contenedoresmaritimos-sur.es\/index.php\/wp-json\/wp\/v2\/product_cat?post=9025"},{"taxonomy":"product_tag","embeddable":true,"href":"https:\/\/contenedoresmaritimos-sur.es\/index.php\/wp-json\/wp\/v2\/product_tag?post=9025"}],"curies":[{"name":"wp","href":"https:\/\/api.w.org\/{rel}","templated":true}]}}